. What are the prime factors of q?
3, 7
Let t(b) be the third derivative of -b**5/60 + b**4/3 - 4*b**3/3 + 2*b**2. Let s be t(6). Suppose 8 = 4*q - s. List the prime factors of q.
3
Let o = -43 - -43. Suppose -3*r = -2*j - 13, 0 = 5*r + 3*j - 30 + 2. Suppose -3*y = -z - 4*y + 23, o = r*z - y - 85. List the prime factors of z.
2, 3
Suppose 2*m - 24 = m + 4*y, -m - 5*y - 21 = 0. List the prime factors of m.
2
Let z(s) = -2*s - 1 + 0*s + 2*s**3 + 4*s. Suppose a - 3*a + 2 = 0. What are the prime factors of z(a)?
3
Suppose 166 = 5*d - d - 5*s, 2*s = -4. Suppose 5*g = 16 + d. What are the prime factors of g?
11
List the prime factors of 2/(-11) + (-2886)/(-143).
2, 5
Let p(w) = 2*w - 1. Let r be p(1). Let t be ((2 - 2) + r)*26. What are the prime factors of 48/t - (-8)/52?
2
Suppose x + 4*i = -10 + 24, -5*x - i + 32 = 0. What are the prime factors of (x - 5)/(1/5)?
5
Suppose 69 = p - y, y + y = 5*p - 333. What are the prime factors of p?
5, 13
Suppose 6*r = 3*r + 375. What are the prime factors of r?
5
Let u = 8 + -4. Suppose -98 = -2*w - 2*w + 2*y, 0 = -4*w - u*y + 104. Suppose 2*m - 64 + 8 = -5*p, -w = -4*p + 5*m. List the prime factors of p.
2, 5
Let u(o) = -13*o**2 + 44*o + 25. Let k(v) = -3*v**2 + 4*v + 7*v + 3 + 5 - 2. Let i(a) = 9*k(a) - 2*u(a). List the prime factors of i(10).
2, 7
Let k(m) = m - 1. Let w be k(-1). Let o be -2*(4/w - 0). Suppose 0 = -2*j + o*j - 4. List the prime factors of j.
2
Suppose -2*d = 2*d - 8. Suppose -2*o = -d*q + 6 - 40, 5*o - 89 = q. List the prime factors of o.
2, 3
Let q = 136 - 95. List the prime factors of q.
41
List the prime factors of (-4 - -40) + -3 + (-3 - -1).
31
Suppose 0 = -2*n - 3*o + 2 - 9, -5*o + 1 = -3*n. Suppose 0 = -5*j + 24 + 31. Let r = j - n. List the prime factors of r.
13
Let w = 4 - 3. Let q = w + 2. What are the prime factors of 1/q + (-16)/(-6)?
3
Suppose -251 = -l + 2*v, l - 2*v = 5*l - 954. List the prime factors of l.
241
What are the prime factors of -3 + (-8)/((-4)/1) + 256?
3, 5, 17
Suppose 3*v = -3*u + 147, -5*v + 97 - 292 = -5*u. List the prime factors of u.
2, 11
What are the prime factors of -1 + 1 - -122*1?
2, 61
Let o(i) = -4*i**2 + 9*i - 2. Let l(j) = j**2 - j + 1. Let v(q) = 6*l(q) + o(q). Let t = 2 - 5. List the prime factors of v(t).
13
Let d(v) = 59*v + 6. List the prime factors of d(2).
2, 31
Let w be (0 + -1)*(0 + 5). Let x(g) = 5*g**2 - 2*g - 1. Let o be x(-2). Let i = w + o. List the prime factors of i.
2, 3
Let j = -6 + 5. Let x be j - ((1 - 1) + -5). Let d(l) = l**3 - 4*l**2 + l - 2. List the prime factors of d(x).
2
Suppose -5*p + 0*p - 4*r = -5, -4*p + 4 = -5*r. Suppose 0 = 5*u - p - 4. Suppose -2*x + i = -9, 0 = -x + 2*i + 5 + u. List the prime factors of x.
2
Let t = -86 + 152. What are the prime factors of t?
2, 3, 11
Suppose 5*d - d + 5 = -f, d = 2*f - 35. What are the prime factors of f?
3, 5
Let c(u) = 6*u - 1. Suppose b - a = -3, -3*a + 4 = 4*b - 19. Let i be c(b). Suppose -4 = -5*v + i. List the prime factors of v.
3
Let c = -6 + 11. List the prime factors of c.
5
Let g(m) = 19*m**2 - 5*m - 1. What are the prime factors of g(3)?
5, 31
What are the prime factors of (1 - 5 - -1) + 162?
3, 53
Let q(w) = -4*w - 3. Let y be q(-2). Suppose -3*r - 2*x + 0 + 52 = 0, -x = -y. List the prime factors of r.
2, 7
List the prime factors of ((-2)/6)/(7/(-399)).
19
Suppose h - 195 = -2*h - 2*j, 0 = -3*j - 9. What are the prime factors of h?
67
Let x = -30 - -52. List the prime factors of x.
2, 11
Let r = 89 - 48. Suppose s + z = 19, -54 = -5*s + 3*z + r. List the prime factors of s.
19
Suppose -132 = -6*p + 330. List the prime factors of p.
7, 11
Suppose 3*o = -23 - 1. Let m(i) = -i**3 - 7*i**2 + 5*i - 11. Let v be m(o). Suppose 3*g - v = 14. What are the prime factors of g?
3
List the prime factors of 21/49 - (-165)/7.
2, 3
Suppose 0 = -i + 3*i - 38. Suppose -i = -2*h + 4*r - 3, 0 = -3*r + 6. What are the prime factors of h?
2, 3
Let g be (-2)/4 + 7/2. Let u(l) = 3*l**3 - l**2 + 7*l + 13. Let p(s) = 2*s**3 - s**2 + 4*s + 7. Let y(x) = 5*p(x) - 3*u(x). What are the prime factors of y(g)?
2
Suppose -3*n = -5*f + 52 + 137, -3*n + 27 = f. What are the prime factors of f?
2, 3
Let z be (-1)/(-2) - (-19)/2. Suppose 7*i + 39 = z*i. What are the prime factors of i?
13
Suppose -4*s + 67 = -169. What are the prime factors of s?
59
Let o(j) = 7*j**3 + 11*j**2 + 18*j + 4. Let u(n) = 3*n**3 + 6*n**2 + 9*n + 2. Let w(k) = 2*o(k) - 5*u(k). What are the prime factors of w(-7)?
2, 3
Let d be (1 - 0)/(8/40). Let u(y) = y**3 - 5*y**2 + y + 7. List the prime factors of u(d).
2, 3
Let v be 193 + (-5 - -3)*-1. What are the prime factors of 9/12 - v/(-12)?
17
Let x = 95 + -60. Suppose -2*h = 3*j - 39, 0 = 5*j - h - x - 30. List the prime factors of j.
13
Suppose -5*n = -5*t - 155, -3*n + 3*t - 5*t = -118. What are the prime factors of n?
2, 3
Let u = 12 + 22. List the prime factors of u.
2, 17
Suppose -3*p - 4*n - 6 = 29, -n = -p - 21. Let m = -1 - p. What are the prime factors of m?
2
Suppose 0 = -3*z - 2*s + 497, -5*z = -0*z - s - 811. List the prime factors of z.
163
Suppose 3*b + 18 = -0*b. Let x(q) be the first derivative of q**4/4 + 7*q**3/3 + 7*q**2/2 + 8*q + 1. List the prime factors of x(b).
2
Suppose -s - 3*m + 28 + 7 = 0, -3*s = 2*m - 105. List the prime factors of s.
5, 7
Suppose -5*o = -7*o + 120. Let k = o + -31. List the prime factors of k.
29
Let h(n) = -12*n + 3. What are the prime factors of h(-3)?
3, 13
Suppose -3*u + r + 112 = -36, 3*r = -2*u + 95. What are the prime factors of u?
7
Let w(h) = h**3 - 3*h**2 + 4*h - 14. Suppose -2*u - 4 = -12. What are the prime factors of w(u)?
2, 3
Let p(d) = d**2 - 9*d + 1. What are the prime factors of p(-7)?
113
Let v = 5 + -66. Let x = v - -93. What are the prime factors of x?
2
Let f(w) = -w + 10. Let g be f(7). Let l(p) = -4*p + 2. Let q be l(g). Let t = q + 18. What are the prime factors of t?
2
Suppose -25*x + 22*x + 198 = 0. List the prime factors of x.
2, 3, 11
Suppose 2*g + 2*k = -0*g - 16, -g - 3*k = 16. List the prime factors of (g - -3) + 4 + 10.
13
Suppose 0 = -y + 154 - 26. What are the prime factors of y?
2
Let q(h) = h**3 + 8*h**2 + 6*h + 9. List the prime factors of q(-3).
2, 3
Let b = -5 - -9. What are the prime factors of 3/(-12) + 21/b?
5
Let c(n) = -n**3 + 12*n**2 + 15*n + 19. List the prime factors of c(13).
3, 5
Let j = 29 + -18. List the prime factors of j.
11
Suppose 232 - 85 = 3*v. Suppose -2*y + 2 - 12 = -n, 4*n - v = -y. List the prime factors of n.
2, 3
Suppose 0 = 12*t - 13*t + 17. What are the prime factors of t?
17
Suppose -3*j = 3, 503 = 2*t + 3*t + 2*j. What are the prime factors of t?
101
What are the prime factors of (-2480)/(-65) + 2/(-13)?
2, 19
Let c(f) = f - 6. Let m be c(10). Suppose -6 = 2*u - m*u. What are the prime factors of u?
3
Suppose -3*o + 440 = 3*b + 149, 5*o - 384 = -4*b. What are the prime factors of b?
101
Let d = 0 + -4. Let p be (48/30)/(d/(-10)). Suppose 0 = -3*b + p + 8. What are the prime factors of b?
2
Let j = -7 - -9. Let c be (0 + 0)*(-1 + j). Suppose c = 4*f - 5*i - 49, f - 5*i - 37 = -f. List the prime factors of f.
2, 3
Let z(t) = t**2 + t - 1. List the prime factors of z(-4).
11
Suppose -10 = -3*v - 1. Suppose 2*m - 9 = r - v*m, -5*m + 15 = 0. List the prime factors of r.
2, 3
Suppose 0*l + l = -4*t - 20, 0 = -3*l + 2*t + 10. Suppose l = -4*r + r + 33. List the prime factors of r.
11
Let n = -16 + 13. Let w(d) = d**2 + 2*d - 4. Let p be w(-3). Let a = p - n. What are the prime factors of a?
2
Let w = 316 - 99. What are the prime factors of w?
7, 31
Let l(v) = 2*v**3 + 2*v**2 + 2*v + 3. List the prime factors of l(4).
3, 19
Let w(c) = c**2 - 3*c - 43. List the prime factors of w(13).
3, 29
Suppose -2*k - 185 = -235. List the prime factors of k.
5
Suppose 0 = 4*g + 2*m - 5*m - 12, -2*g + 5*m = -6. Suppose -4*y + 5 = -g. Suppose 0 = y*x - 6. What are the prime factors of x?
3
Suppose 1 + 3 = d. Suppose -5*c - 105 = -5*a, -4*a = -3*a + 5*c - 21. Suppose -d*k + a = -k. List the prime factors of k.
7
Suppose 3*a - 64 = 38. Suppose 181 = -5*m - 3*n + 58, 4*n - 68 = 3*m. Let j = m + a. List the prime factors of j.
2, 5
Suppose -414 = -2*m - 5*f, -m - 5*f + 621 = 2*m. List the prime factors of m.
3, 23
Suppose -4*l - 4*k + k = -133, -4*k + 105 = 3*l. Suppose l = 5*c - 9. Wha